 p**2 - 11*p - 6. What is g(n)?
6
Let g(c) = -12*c - 134. Let x = 2315 - 2326. Calculate g(x).
-2
Let i(k) = -15*k - 106. Let p(r) be the first derivative of -5*r**2/2 - 38*r + 271. Let m(s) = 4*i(s) - 11*p(s). Determine m(-3).
9
Let f = 5224 - 5215. Let m(l) = 3*l**2 - 22*l + 2. Give m(f).
47
Let u(d) = -206*d + 93*d - 1 + 98*d. Let z be (44/(-10) + 4)*-15. Suppose 1 - z = 5*p. Calculate u(p).
14
Let r(a) = -2*a**3 + 4*a**2 - 3*a + 1. Let x = 70 + -62. Suppose u - x = -6. Suppose 2*i - u*j + 12 = 2*j, 3*j - 12 = 0. What is r(i)?
-5
Let s(m) = m**3 - 7*m**2 + 5*m. Let i be (18/(-8))/((-15)/(-80)). Let x(a) = -3*a - 18. Let t be x(i). Let l be (1/4 + 14/168)*t. Determine s(l).
-6
Let k be -8 + (21 - 22) + 18. Let c(u) = -65*u + 581. Calculate c(k).
-4
Let u(f) = -f**3 + 9*f**2 - 8*f - 3. Let m be (-10)/25 + 12*(-9)/30. Let r be 1 - (-2 - (0 + 1)) - m. Give u(r).
-3
Let r be -3*((-28)/(-6) - 5). Let g(s) = s**3 - s**2 - 1. Let v(m) = 5*m**3 - 2*m**2 - m - 3. Let x(u) = -3*g(u) + v(u). What is x(r)?
2
Let h(y) = -y**3 - 5*y**2 - y - 1. Let s(l) = -l**2 - 9*l + 66. Let z be s(-13). Suppose 6*p + 5*k = 3*p - 34, z = -3*p - k. Determine h(p).
-16
Let w(y) = y**3 + 3*y**2 - 7*y - 35. Let r(x) = x**3 + 5*x**2 - 6*x - 44. Let p(l) = -6*r(l) + 7*w(l). What is p(10)?
-11
Let t be ((-2)/4)/(((-639)/(-162))/(-71)). Let g(b) = 3*b - 4. Calculate g(t).
23
Let i be (61*(-2)/3)/(4/6). Let v = i + 63. Suppose -k + 9 = l + 1, -v*k = -l - 1. Let n(o) = o + 1. Give n(l).
6
Let h = -218 + 222. Let o(v) = -13 + 11 + 6 - h*v. Let s = 3 + -6. Calculate o(s).
16
Let f(w) = -5*w + 80. Let u(x) = 3*x. Let h(i) = -f(i) + 4*u(i). Let q be h(5). Let z(p) = p - 5. Give z(q).
0
Let c(w) = 10 + w**2 - 79*w + 25*w + 25*w + 7*w + 11*w. Suppose -3*l = -5*f - 17, -28 - 9 = -3*l - 5*f. What is c(l)?
-8
Let p(t) be the first derivative of 7/4*t**4 + 0*t**2 - 39 + t - 1/3*t**3. Give p(-1).
-7
Let f = 72 - 81. Let o(w) = -7*w**2 + 4*w - 9. Let g(j) = -5*j**2 + 5*j - 9. Let c(n) = -4*g(n) + 3*o(n). What is c(f)?
0
Let q(h) = -1 - h - h + 3*h. Let y = 223 - 218. Suppose -y*n + 33 - 18 = 0. Determine q(n).
2
Suppose 20 = 7*f + 272. Let y be (-35)/4 + f/144. Let p(l) = l**2 + 9*l + 8. What is p(y)?
8
Let f(b) = 2*b**3 - 72*b**2 + 11*b - 180. Let r(k) = 5*k**2 - k - 1. Let u(a) = -f(a) - 4*r(a). Determine u(26).
2
Suppose o + 2*g + 27 = 0, 4*o = 15*g - 10*g - 56. Let n(s) = -s - 26. Calculate n(o).
-7
Let r = 2 - 7. Let o be (-6)/15 + (-12)/r. Suppose s - o = -s. Let k(q) = 9*q + 1. What is k(s)?
10
Let i(d) = -2*d - 4. Let u(m) = 2*m**3 + 18*m**2 + 41*m + 1. Let h be u(-4). Calculate i(h).
2
Suppose 4400*r - 4421*r + 147 = 0. Let l(s) = -4*s**2 + 13*s - 5. Let n(y) = y**2 + y - 1. Let m(d) = l(d) + 2*n(d). What is m(r)?
0
Let x(i) = 2*i**2 + 8*i - 15. Let u(y) = y**2 + 98*y + 1992. Let j be u(-29). Calculate x(j).
75
Suppose 3*l + 5*x - 10 = 0, 0 = 5*l + 4*x - 34 + 26. Let t(s) = 2*s - 59. Determine t(l).
-59
Let r = -6400 + 6383. Let c(j) be the first derivative of -j**2/2 - 15*j - 3. Give c(r).
2
Let q(r) = 3*r**2 - r - 2. Let x(t) = t**2 - 659 - 21*t + 309 + 223. Let f be x(-5). Give q(f).
22
Suppose 4*l = 5*l - 5. Let s(y) = 8791930*y**2 - 1 - 3 - y**3 - 8791926*y**2 + 3*y. Determine s(l).
-14
Suppose -5*v + 44 = 40*f - 42*f, -5*f - 2*v = 110. Let i(w) = w**2 + 22*w - 24. Determine i(f).
-24
Let g(v) = -v**2 - 9*v + 9. Let h be (-1)/2*(291 - 269). Determine g(h).
-13
Let p be (11/(-22))/(1 - 22/24). Let c = 119 - 54. Let o(v) = -73 - 3*v + 0*v + 6*v**2 + c + v**3. Calculate o(p).
10
Let q(b) = -b**2 - 10*b - 13. Let n be q(-7). Suppose 8 - n = d. Let o(p) = -3 + 6*p - 10*p + d. Calculate o(-4).
13
Let c(a) be the second derivative of 3*a**3 + 7*a**2/2 + a + 6115. Calculate c(4).
79
Suppose -7 - 14 = -7*z. Suppose 4*x = -z*m + 58, 0*x + x - 9 = 2*m. Let n(b) = x - 20 + 6 - b. Give n(1).
-2
Suppose -2*z + 10 - 6 = 0. Let c(y) = z + 7*y + 1 - y**2 + 1. Suppose 3*b - 16 = -a, -4*a - b + 16 = -a. Determine c(a).
16
Let f(o) be the third derivative of -13*o**4/8 + 2*o**3/3 - 551*o**2 + 3*o. What is f(-1)?
43
Let j(k) be the first derivative of -46*k**2 - 734*k - 13391. Calculate j(-8).
2
Let h(p) = -p**2 - 21*p - 18. Suppose -18*v + 14*v = -16. Let s(a) = a**3 - 8*a**2 + 11*a. Let d be s(v). What is h(d)?
2
Let o(f) be the first derivative of 2*f**2 - 41 + 21*f + 17*f - 29*f. Suppose -5*y - 4 = 26. Calculate o(y).
-15
Let u be 27/(-18) - (94/(-12))/((-17)/(-51)). Let r(j) = -j + 10. Determine r(u).
-12
Let j(a) = -7*a**2 + 7*a. Let q(d) be the third derivative of -d**5/60 + d**3/6 - 21*d**2. Suppose 24 = -0*o + 4*o. Let h(m) = o*q(m) - j(m). Determine h(6).
0
Let o(a) = a + 5. Suppose 13*u - 8 = 31. Suppose -4*z = -u*v + 4*v + 3, 2*v - 5*z - 20 = 0. Determine o(v).
10
Let w(s) = -18*s**3 + 17*s**2 - 25*s + 2. Let m(c) = -56*c**3 + 53*c**2 - 77*c + 6. Let h(r) = -10*m(r) + 31*w(r). Suppose 0 = -0*d + d - 3. Determine h(d).
14
Suppose 0*z - 143 = 3*z + 10*z. Let w(i) = -93*i - 1017. Calculate w(z).
6
Let p = -21 + 32. Let z(u) = 1 + 1 + 0*u - u - p. Let w = -19 - -19. Give z(w).
-9
Let i(h) = h**3 - h**2 - 2*h - 1. Let c(m) = -m**3 + 7*m**2 - 5*m - 4. Let l = 35 - 13. Suppose -5*u + 8 = -l. Let r be c(u). Give i(r).
-1
Let l(z) = -25 - 27 - 30 - 12*z - 4 + z. Give l(-8).
2
Let v(r) be the first derivative of 1/120*r**6 + 1/8*r**4 + 0*r + 27/2*r**2 - 8 + 0*r**3 - 1/15*r**5. Let f(c) be the second derivative of v(c). Determine f(3).
0
Let f(k) be the third derivative of 152*k**2 - 1/2*k**3 - 7/60*k**5 + 0*k**4 + 0*k + 0 - 1/120*k**6. What is f(-7)?
-3
Let c(k) = k - 8. Suppose 3*n - x = 48 + 12, 4*x + 9 = n. Let r be -3 + n/(-2)*(-22)/33. Let u be (-15)/(-12)*(r - -4). Determine c(u).
2
Let g be (170/6)/(25/(-15)). Let f(s) = s**3 + 16*s**2 - 23*s - 17. Give f(g).
85
Let p(a) = 3*a**2 + 11*a**3 - 12*a**3 + a + 4*a + 0*a. Let o(j) = 149*j + 749. Let c be o(-5). Calculate p(c).
4
Let c(n) = -22*n + 15*n**2 + 10*n**2 - n**3 + 46 + 0*n**2 - 50*n**2. Calculate c(-24).
-2
Let u(l) = l**3 + 7*l**2 - l - 9. Let d be ((-9)/(-5))/((-1)/5). Let s be (d/4)/((-39)/(-208)). Let c be (2 + 28/s)*21. Give u(c).
-2
Let b be (102/(-9))/(((-2)/9)/1). Let g(y) = -50 - y + 111 - b. Calculate g(0).
10
Let b be (10/(-4))/(28/(-56)). Let j be (5 - (1 - 7))*b/(-5). Let x(o) = o**2 + 11*o + 15. What is x(j)?
15
Let t(x) = -x + 3. Suppose 188 = 4*l + 4*c, -3*c - 233 = -5*l - 6*c. Let a = 51 - l. Let b be ((8 - 4) + -2)*a/2. Give t(b).
-2
Let s = 442 + -449. Let i be (-1)/(s - (-791)/112). Let x(r) = r**3 + 16*r**2 + r + 19. What is x(i)?
3
Let x(d) = -d**3 - 30*d**2 - 103*d + 32. Suppose 0 = -44*b - 226*b - 76*b - 8996. Give x(b).
6
Let b(a) = -3*a - 1. Suppose -3*o + 4*o + 4 = x, -2*x = 3*o + 2. Let p(j) = -j**2 + 4. Let s be p(x). Let t be (-3)/(-3) + -3 + -4 - s. Determine b(t).
17
Suppose 24 = 9*f + 15. Suppose -7*b + f = -62. Let t(s) = -2*s**2 + 21*s + 22. Let r(m) = -m**2 + 11*m + 11. Let c(h) = 5*r(h) - 3*t(h). Give c(b).
-2
Suppose -157 + 397 = 4*i - 5*n, -i = n - 60. Let p = i - 64. Let h be 0/(-1 + 4 + p). Let y(r) = r - 6. Give y(h).
-6
Suppose -146 = 10*a + 14. Let k = -16 - a. Let z(u) = u - 1. Let r(l) = -6*l - 14. Let j(d) = r(d) + 5*z(d). Calculate j(k).
-19
Let w(s) = 2*s**3 - 17*s**2 - 27*s - 36. Suppose 0 = -3*a + 9, -3*a = -g - 2*a + 7. Determine w(g).
-6
Let w(s) be the first derivative of 11*s**3/3 - 5*s**2 - 2*s + 57. Let k(r) = -5*r**2 + 5*r + 1. Let l(j) = 5*k(j) + 2*w(j). Determine l(4).
-27
Let z(n) = 40*n**2 + 24*n - 5. Let j(a) = 113*a**2 + 72*a - 15. Let l(g) = 6*j(g) - 17*z(g). Determine l(11).
17
Let s(c) = 27*c + 51. Suppose 199 - 191 = z - 5*m, 5*z + 2*m = -14. What is s(z)?
-3
Suppose 114*d + 1179 = -759. Let c(y) = -y**3 - 17*y**2 + 3*y + 38. Calculate c(d).
-13
Let v(t) = 4*t + 52. Let a = -333 - -321. Let w be v(a). Let u(p) = p**3 - 5*p**2 + 4*p + 2. Calculate u(w).
2
Suppose -27*l + 3*c = -31*l - 3 + 5, 5*c + 10 = 0. Let h(p) = -p**2 + p. Let r(t) = -4*t**3 + 6*t**2 - 5*t + 3. Let n(m) = 3*h(m) + r(m). Determine n(l).
-21
Let p(c) = 5939 + 0*c - 11920 + 5981 - 4*c**2 + c. Suppose 5*q - 10*q - 5 = 0. Determine p(q).
-5
Let t(k) be the third derivative of 7*k**6/120 - k**5/20 + 4*k**3/3 - 2*k**2 + 1. Let d(v) = 13*v**3 - 5*v**2 + 13. Let n(r) = 3*d(r) - 5*t(r). Calculate n(1).
3